{"id":172,"date":"2023-02-18T11:07:57","date_gmt":"2023-02-18T10:07:57","guid":{"rendered":"https:\/\/chilbibetriebe.ch\/?page_id=172"},"modified":"2023-02-18T20:40:14","modified_gmt":"2023-02-18T19:40:14","slug":"spielgeschaeft-basketball","status":"publish","type":"page","link":"https:\/\/chilbibetriebe.ch\/index.php\/spielgeschaeft-basketball\/","title":{"rendered":"Baketball-Spielgesch\u00e4ft"},"content":{"rendered":"\n<div class=\"wp-block-group alignwide has-coffee-background-color has-background is-layout-flow wp-block-group-is-layout-flow\">\n<div class=\"wp-block-columns alignwide is-layout-flex wp-container-core-columns-is-layout-28f84493 wp-block-columns-is-layout-flex\">\n<div class=\"wp-block-column is-layout-flow wp-block-column-is-layout-flow\">\n<p class=\"has-primary-color has-text-color\" style=\"font-size:5vw;line-height:1.1\"><strong>F\u00fcr NBA Anw\u00e4rter<\/strong><\/p>\n\n\n\n<div style=\"height:5px\" aria-hidden=\"true\" class=\"wp-block-spacer\"><\/div>\n<\/div>\n<\/div>\n\n\n\n<div class=\"wp-block-columns alignwide is-layout-flex wp-container-core-columns-is-layout-28f84493 wp-block-columns-is-layout-flex\">\n<div class=\"wp-block-column is-layout-flow wp-block-column-is-layout-flow\" style=\"flex-basis:33.38%\">\n<p class=\"has-foreground-color has-text-color has-extra-small-font-size\">Meine Jugendzeit war auch die Zeit des Streetballs und Basketballs. In jedem Sportgesch\u00e4ft hat man Basketballschuhe und passende Sportkleidung erhalten, damals waren etwa die schwarzen Adidas-Trainerhosen mit den drei weissen Streifen sehr gefragt und modern. Als wir h\u00f6rten, dass das \u00abBasketball\u00bb-Spielgesch\u00e4ft zum Verkauf steht, konnten wir nicht widerstehen und mussten es erwerben. <\/p>\n<\/div>\n\n\n\n<div class=\"wp-block-column is-layout-flow wp-block-column-is-layout-flow\" style=\"flex-basis:33%\">\n<div style=\"height:100px\" aria-hidden=\"true\" class=\"wp-block-spacer\"><\/div>\n\n\n\n<figure class=\"wp-block-image size-full\"><img loading=\"lazy\" decoding=\"async\" width=\"588\" height=\"816\" src=\"https:\/\/chilbibetriebe.ch\/wp-content\/uploads\/2023\/02\/Basket3.jpg\" alt=\"\" class=\"wp-image-185\" srcset=\"https:\/\/chilbibetriebe.ch\/wp-content\/uploads\/2023\/02\/Basket3.jpg 588w, https:\/\/chilbibetriebe.ch\/wp-content\/uploads\/2023\/02\/Basket3-216x300.jpg 216w\" sizes=\"auto, (max-width: 588px) 100vw, 588px\" \/><figcaption class=\"wp-element-caption\">Wettkampf f\u00fcr ganze Gruppen<\/figcaption><\/figure>\n<\/div>\n\n\n\n<div class=\"wp-block-column is-layout-flow wp-block-column-is-layout-flow\" style=\"flex-basis:33.62%\">\n<figure class=\"wp-block-image size-large\"><img loading=\"lazy\" decoding=\"async\" width=\"570\" height=\"1024\" src=\"https:\/\/chilbibetriebe.ch\/wp-content\/uploads\/2023\/02\/Basket1-570x1024.jpg\" alt=\"\" class=\"wp-image-183\" srcset=\"https:\/\/chilbibetriebe.ch\/wp-content\/uploads\/2023\/02\/Basket1-570x1024.jpg 570w, https:\/\/chilbibetriebe.ch\/wp-content\/uploads\/2023\/02\/Basket1-167x300.jpg 167w, https:\/\/chilbibetriebe.ch\/wp-content\/uploads\/2023\/02\/Basket1-768x1380.jpg 768w, https:\/\/chilbibetriebe.ch\/wp-content\/uploads\/2023\/02\/Basket1.jpg 800w\" sizes=\"auto, (max-width: 570px) 100vw, 570px\" \/><figcaption class=\"wp-element-caption\">Chicago Bulls, das Team von Michael Jordan<\/figcaption><\/figure>\n<\/div>\n<\/div>\n\n\n\n<div class=\"wp-block-columns alignwide is-layout-flex wp-container-core-columns-is-layout-28f84493 wp-block-columns-is-layout-flex\">\n<div class=\"wp-block-column is-layout-flow wp-block-column-is-layout-flow\" style=\"flex-basis:67%\">\n<figure class=\"wp-block-image alignright size-full\"><img loading=\"lazy\" decoding=\"async\" width=\"1000\" height=\"750\" src=\"https:\/\/chilbibetriebe.ch\/wp-content\/uploads\/2023\/02\/Basket2.jpg\" alt=\"\" class=\"wp-image-184\" srcset=\"https:\/\/chilbibetriebe.ch\/wp-content\/uploads\/2023\/02\/Basket2.jpg 1000w, https:\/\/chilbibetriebe.ch\/wp-content\/uploads\/2023\/02\/Basket2-300x225.jpg 300w, https:\/\/chilbibetriebe.ch\/wp-content\/uploads\/2023\/02\/Basket2-768x576.jpg 768w\" sizes=\"auto, (max-width: 1000px) 100vw, 1000px\" \/><figcaption class=\"wp-element-caption\">Der Blickfang f\u00fcr den ganzen Tag<\/figcaption><\/figure>\n<\/div>\n\n\n\n<div class=\"wp-block-column is-vertically-aligned-center is-layout-flow wp-block-column-is-layout-flow\" style=\"flex-basis:33%\">\n<p class=\"has-foreground-color has-text-color has-extra-small-font-size\">Da es sich hier um das einzige Spielgesch\u00e4ft in der Art und Weise in der ganzen Schweiz handelt, war das zugleich unser erster Schritt in Richtung der Grossanl\u00e4sse.<\/p>\n<\/div>\n<\/div>\n\n\n\n<p><strong>Wie funktioniert\u2019s?<\/strong><br>Ganz einfach: Man muss innerhalb von 30 Sekunden so viele K\u00f6rbe werfen wie m\u00f6glich. Je mehr K\u00f6rbe man wirft, desto mehr Punktjetons erh\u00e4lt man. Diese kann man \u00fcber l\u00e4ngere Zeit sammeln oder gleich einl\u00f6sen. Je mehr Jetons, desto wertvoller der Preis!<\/p>\n\n\n\n<hr class=\"wp-block-separator has-alpha-channel-opacity\"\/>\n\n\n\n<figure class=\"wp-block-table aligncenter\"><table><tbody><tr><td>Baujahr<\/td><td>1998<\/td><\/tr><tr><td>Masse<\/td><td>Breite 7.5, Tiefe 3.5m<\/td><\/tr><tr><td>H\u00f6he<\/td><td>5m<\/td><\/tr><tr><td>Stromanschluss<\/td><td>400VAC, 3NPE, 16A, 4kW, CEE 16<\/td><\/tr><tr><td>Gewicht<\/td><td>3500 kg<\/td><\/tr><\/tbody><\/table><\/figure>\n\n\n\n<p>  <\/p>\n\n\n\n<figure class=\"wp-block-embed is-type-video is-provider-youtube wp-block-embed-youtube wp-embed-aspect-16-9 wp-has-aspect-ratio\"><div class=\"wp-block-embed__wrapper\">\n<iframe loading=\"lazy\" title=\"Basketball das Spielgesch\u00e4ft\" width=\"500\" height=\"281\" src=\"https:\/\/www.youtube.com\/embed\/2V033ZvjIkE?feature=oembed\" frameborder=\"0\" allow=\"accelerometer; autoplay; clipboard-write; encrypted-media; gyroscope; picture-in-picture; web-share\" referrerpolicy=\"strict-origin-when-cross-origin\" allowfullscreen><\/iframe>\n<\/div><\/figure>\n\n\n\n<p class=\"has-text-align-center has-primary-color has-text-color has-medium-font-size\">Das Spiel f\u00fcr Gross und Klein<\/p>\n\n\n\n<hr class=\"wp-block-separator has-alpha-channel-opacity\"\/>\n\n\n\n<div class=\"wp-block-group alignfull has-background-background-color has-background is-layout-constrained wp-block-group-is-layout-constrained\" style=\"padding-top:80px;padding-bottom:80px\">\n<div class=\"wp-block-columns alignwide is-layout-flex wp-container-core-columns-is-layout-d2ca7aa4 wp-block-columns-is-layout-flex\">\n<div class=\"wp-block-column is-vertically-aligned-center is-layout-constrained wp-block-column-is-layout-constrained\" style=\"flex-basis:50%\">\n<div class=\"wp-block-group is-nowrap is-layout-flex wp-container-core-group-is-layout-6c531013 wp-block-group-is-layout-flex\">\n<div class=\"wp-block-group animated animated-fadeInUp is-layout-flow wp-block-group-is-layout-flow\">\n<figure class=\"wp-block-image size-full has-custom-border  animated animated-fadeInUp\"><img loading=\"lazy\" decoding=\"async\" width=\"800\" height=\"800\" src=\"https:\/\/chilbibetriebe.ch\/wp-content\/uploads\/2023\/02\/Basket_stabins.png\" alt=\"\" class=\"wp-image-198\" style=\"border-radius:13px\" srcset=\"https:\/\/chilbibetriebe.ch\/wp-content\/uploads\/2023\/02\/Basket_stabins.png 800w, https:\/\/chilbibetriebe.ch\/wp-content\/uploads\/2023\/02\/Basket_stabins-300x300.png 300w, https:\/\/chilbibetriebe.ch\/wp-content\/uploads\/2023\/02\/Basket_stabins-150x150.png 150w, https:\/\/chilbibetriebe.ch\/wp-content\/uploads\/2023\/02\/Basket_stabins-768x768.png 768w\" sizes=\"auto, (max-width: 800px) 100vw, 800px\" \/><\/figure>\n<\/div>\n<\/div>\n<\/div>\n\n\n\n<div class=\"wp-block-column is-vertically-aligned-center is-layout-flow wp-block-column-is-layout-flow\" style=\"padding-top:40px;padding-right:40px;padding-bottom:40px;padding-left:40px\">\n<div class=\"wp-block-group alignwide is-layout-constrained wp-block-group-is-layout-constrained\">\n<div class=\"wp-block-group is-layout-flow wp-container-core-group-is-layout-fe0e2ea3 wp-block-group-is-layout-flow\">\n<p class=\"has-text-align-left animated animated-fadeInUp has-primary-color has-text-color has-normal-font-size\" style=\"letter-spacing:0px\">Geschichte<\/p>\n\n\n\n<h2 class=\"has-text-align-left animated animated-fadeInUp has-huge-font-size wp-block-heading\" style=\"margin-bottom:14px;line-height:1.6;text-transform:capitalize\">Hallensport f\u00fcr den Winter<\/h2>\n\n\n\n<p>Basketball z\u00e4hlt zu den wenigen Sportarten, die von einer Einzelperson erfunden wurden. Der kanadische Arzt und P\u00e4dagoge <a href=\"https:\/\/de.wikipedia.org\/wiki\/James_Naismith\">James Naismith<\/a> entwickelte das Ballspiel im Jahr 1891 in Springfield (Massachusetts) als Hallensport f\u00fcr seine Studenten. Naismith hatte erkannt, dass die Kampfbetontheit anderer Ballsportarten daher kommt, dass sich das ganze Geschehen in derselben Ebene abspielt (z. B. im American Football). Er suchte eine weniger k\u00e4mpferische Sportart mit einem geringeren Verletzungsrisiko, um die 18 Studenten seiner Klasse im Winter abzulenken. Deshalb verlagerte er die K\u00f6rbe (engl. \u00abbaskets\u00bb) in eine andere Ebene, n\u00e4mlich etwa eineinhalb Meter \u00fcber die Spieler.<\/p>\n\n\n\n<p>Der Hausmeister Pop Stabbins befestigte damals Pfirsichk\u00f6rbe an den zehn Fuss hohen Balkonen (Emporen) der \u00abYMCA Training School\u00bb in Springfield. Diese also mehr zuf\u00e4llig bestimmte Aufh\u00e4ngeh\u00f6he entspricht exakt 3,05 Metern und ist bis heute international g\u00fcltig. Die B\u00e4lle wurden anfangs noch mittels eines Stocks herausgeholt; erst 1906 wurde das nach wie vor \u00fcbliche, unten offene Netz eingef\u00fchrt.<\/p>\n<\/div>\n\n\n\n<div class=\"wp-block-buttons animated animated-fadeInUp is-layout-flex wp-block-buttons-is-layout-flex\" style=\"margin-top:var(--wp--preset--spacing--70);margin-bottom:0\">\n<div class=\"wp-block-button is-style-outline is-style-outline--1\"><a class=\"wp-block-button__link wp-element-button\" href=\"https:\/\/de.wikipedia.org\/wiki\/Basketball\" style=\"padding-right:var(--wp--preset--spacing--60);padding-left:var(--wp--preset--spacing--60)\">Wikipedia<\/a><\/div>\n<\/div>\n<\/div>\n<\/div>\n<\/div>\n<\/div>\n<\/div>\n","protected":false},"excerpt":{"rendered":"<p>F\u00fcr NBA Anw\u00e4rter Meine Jugendzeit war auch die Zeit des Streetballs und Basketballs. In jedem [&hellip;]<\/p>\n","protected":false},"author":1,"featured_media":0,"parent":0,"menu_order":0,"comment_status":"closed","ping_status":"closed","template":"","meta":{"om_disable_all_campaigns":false,"_monsterinsights_skip_tracking":false,"_monsterinsights_sitenote_active":false,"_monsterinsights_sitenote_note":"","_monsterinsights_sitenote_category":0,"_uf_show_specific_survey":0,"_uf_disable_surveys":false,"footnotes":""},"class_list":["post-172","page","type-page","status-publish","hentry"],"yoast_head":"<!-- This site is optimized with the Yoast SEO plugin v27.4 - https:\/\/yoast.com\/product\/yoast-seo-wordpress\/ -->\n<title>Baketball-Spielgesch\u00e4ft - Chilbibetriebe , Aargau, Schweiz<\/title>\n<meta name=\"description\" content=\"Spielgesch\u00e4ft wo gespielt wird und nicht nur 3 W\u00fcrfe macht. Mit Punkten zum sammeln \u00fcber mehrere Tage. Mehr Punkte gleich gr\u00f6sserer Preis.\" \/>\n<meta name=\"robots\" content=\"index, follow, max-snippet:-1, max-image-preview:large, max-video-preview:-1\" \/>\n<link rel=\"canonical\" href=\"https:\/\/chilbibetriebe.ch\/index.php\/spielgeschaeft-basketball\/\" \/>\n<meta property=\"og:locale\" content=\"de_DE\" \/>\n<meta property=\"og:type\" content=\"article\" \/>\n<meta property=\"og:title\" content=\"Baketball-Spielgesch\u00e4ft - Chilbibetriebe , Aargau, Schweiz\" \/>\n<meta property=\"og:description\" content=\"Spielgesch\u00e4ft wo gespielt wird und nicht nur 3 W\u00fcrfe macht. Mit Punkten zum sammeln \u00fcber mehrere Tage. Mehr Punkte gleich gr\u00f6sserer Preis.\" \/>\n<meta property=\"og:url\" content=\"https:\/\/chilbibetriebe.ch\/index.php\/spielgeschaeft-basketball\/\" \/>\n<meta property=\"og:site_name\" content=\"Chilbibetriebe\" \/>\n<meta property=\"article:publisher\" content=\"https:\/\/www.facebook.com\/chilbibetriebe\" \/>\n<meta property=\"article:modified_time\" content=\"2023-02-18T19:40:14+00:00\" \/>\n<meta property=\"og:image\" content=\"https:\/\/chilbibetriebe.ch\/wp-content\/uploads\/2023\/02\/Basket3.jpg\" \/>\n<meta name=\"twitter:card\" content=\"summary_large_image\" \/>\n<meta name=\"twitter:label1\" content=\"Gesch\u00e4tzte Lesezeit\" \/>\n\t<meta name=\"twitter:data1\" content=\"3\u00a0Minuten\" \/>\n<script type=\"application\/ld+json\" class=\"yoast-schema-graph\">{\"@context\":\"https:\\\/\\\/schema.org\",\"@graph\":[{\"@type\":\"WebPage\",\"@id\":\"https:\\\/\\\/chilbibetriebe.ch\\\/index.php\\\/spielgeschaeft-basketball\\\/\",\"url\":\"https:\\\/\\\/chilbibetriebe.ch\\\/index.php\\\/spielgeschaeft-basketball\\\/\",\"name\":\"Baketball-Spielgesch\u00e4ft - Chilbibetriebe , Aargau, Schweiz\",\"isPartOf\":{\"@id\":\"https:\\\/\\\/chilbibetriebe.ch\\\/#website\"},\"primaryImageOfPage\":{\"@id\":\"https:\\\/\\\/chilbibetriebe.ch\\\/index.php\\\/spielgeschaeft-basketball\\\/#primaryimage\"},\"image\":{\"@id\":\"https:\\\/\\\/chilbibetriebe.ch\\\/index.php\\\/spielgeschaeft-basketball\\\/#primaryimage\"},\"thumbnailUrl\":\"https:\\\/\\\/chilbibetriebe.ch\\\/wp-content\\\/uploads\\\/2023\\\/02\\\/Basket3.jpg\",\"datePublished\":\"2023-02-18T10:07:57+00:00\",\"dateModified\":\"2023-02-18T19:40:14+00:00\",\"description\":\"Spielgesch\u00e4ft wo gespielt wird und nicht nur 3 W\u00fcrfe macht. Mit Punkten zum sammeln \u00fcber mehrere Tage. Mehr Punkte gleich gr\u00f6sserer Preis.\",\"breadcrumb\":{\"@id\":\"https:\\\/\\\/chilbibetriebe.ch\\\/index.php\\\/spielgeschaeft-basketball\\\/#breadcrumb\"},\"inLanguage\":\"de\",\"potentialAction\":[{\"@type\":\"ReadAction\",\"target\":[\"https:\\\/\\\/chilbibetriebe.ch\\\/index.php\\\/spielgeschaeft-basketball\\\/\"]}]},{\"@type\":\"ImageObject\",\"inLanguage\":\"de\",\"@id\":\"https:\\\/\\\/chilbibetriebe.ch\\\/index.php\\\/spielgeschaeft-basketball\\\/#primaryimage\",\"url\":\"https:\\\/\\\/chilbibetriebe.ch\\\/wp-content\\\/uploads\\\/2023\\\/02\\\/Basket3.jpg\",\"contentUrl\":\"https:\\\/\\\/chilbibetriebe.ch\\\/wp-content\\\/uploads\\\/2023\\\/02\\\/Basket3.jpg\",\"width\":588,\"height\":816},{\"@type\":\"BreadcrumbList\",\"@id\":\"https:\\\/\\\/chilbibetriebe.ch\\\/index.php\\\/spielgeschaeft-basketball\\\/#breadcrumb\",\"itemListElement\":[{\"@type\":\"ListItem\",\"position\":1,\"name\":\"Startseite\",\"item\":\"https:\\\/\\\/chilbibetriebe.ch\\\/\"},{\"@type\":\"ListItem\",\"position\":2,\"name\":\"Baketball-Spielgesch\u00e4ft\"}]},{\"@type\":\"WebSite\",\"@id\":\"https:\\\/\\\/chilbibetriebe.ch\\\/#website\",\"url\":\"https:\\\/\\\/chilbibetriebe.ch\\\/\",\"name\":\"Chilbibetriebe.ch\",\"description\":\"Autoscooter, Scooter, Scorpion Chilbi, Kilbi, Schausteller, Karussell\",\"publisher\":{\"@id\":\"https:\\\/\\\/chilbibetriebe.ch\\\/#organization\"},\"alternateName\":\"Schuler's Chilbibetriebe\",\"potentialAction\":[{\"@type\":\"SearchAction\",\"target\":{\"@type\":\"EntryPoint\",\"urlTemplate\":\"https:\\\/\\\/chilbibetriebe.ch\\\/?s={search_term_string}\"},\"query-input\":{\"@type\":\"PropertyValueSpecification\",\"valueRequired\":true,\"valueName\":\"search_term_string\"}}],\"inLanguage\":\"de\"},{\"@type\":\"Organization\",\"@id\":\"https:\\\/\\\/chilbibetriebe.ch\\\/#organization\",\"name\":\"Chilbibetriebe.ch\",\"url\":\"https:\\\/\\\/chilbibetriebe.ch\\\/\",\"logo\":{\"@type\":\"ImageObject\",\"inLanguage\":\"de\",\"@id\":\"https:\\\/\\\/chilbibetriebe.ch\\\/#\\\/schema\\\/logo\\\/image\\\/\",\"url\":\"https:\\\/\\\/chilbibetriebe.ch\\\/wp-content\\\/uploads\\\/2023\\\/01\\\/Logo.png\",\"contentUrl\":\"https:\\\/\\\/chilbibetriebe.ch\\\/wp-content\\\/uploads\\\/2023\\\/01\\\/Logo.png\",\"width\":842,\"height\":429,\"caption\":\"Chilbibetriebe.ch\"},\"image\":{\"@id\":\"https:\\\/\\\/chilbibetriebe.ch\\\/#\\\/schema\\\/logo\\\/image\\\/\"},\"sameAs\":[\"https:\\\/\\\/www.facebook.com\\\/chilbibetriebe\"]}]}<\/script>\n<!-- \/ Yoast SEO plugin. -->","yoast_head_json":{"title":"Baketball-Spielgesch\u00e4ft - Chilbibetriebe , Aargau, Schweiz","description":"Spielgesch\u00e4ft wo gespielt wird und nicht nur 3 W\u00fcrfe macht. Mit Punkten zum sammeln \u00fcber mehrere Tage. Mehr Punkte gleich gr\u00f6sserer Preis.","robots":{"index":"index","follow":"follow","max-snippet":"max-snippet:-1","max-image-preview":"max-image-preview:large","max-video-preview":"max-video-preview:-1"},"canonical":"https:\/\/chilbibetriebe.ch\/index.php\/spielgeschaeft-basketball\/","og_locale":"de_DE","og_type":"article","og_title":"Baketball-Spielgesch\u00e4ft - Chilbibetriebe , Aargau, Schweiz","og_description":"Spielgesch\u00e4ft wo gespielt wird und nicht nur 3 W\u00fcrfe macht. Mit Punkten zum sammeln \u00fcber mehrere Tage. Mehr Punkte gleich gr\u00f6sserer Preis.","og_url":"https:\/\/chilbibetriebe.ch\/index.php\/spielgeschaeft-basketball\/","og_site_name":"Chilbibetriebe","article_publisher":"https:\/\/www.facebook.com\/chilbibetriebe","article_modified_time":"2023-02-18T19:40:14+00:00","og_image":[{"url":"https:\/\/chilbibetriebe.ch\/wp-content\/uploads\/2023\/02\/Basket3.jpg","type":"","width":"","height":""}],"twitter_card":"summary_large_image","twitter_misc":{"Gesch\u00e4tzte Lesezeit":"3\u00a0Minuten"},"schema":{"@context":"https:\/\/schema.org","@graph":[{"@type":"WebPage","@id":"https:\/\/chilbibetriebe.ch\/index.php\/spielgeschaeft-basketball\/","url":"https:\/\/chilbibetriebe.ch\/index.php\/spielgeschaeft-basketball\/","name":"Baketball-Spielgesch\u00e4ft - Chilbibetriebe , Aargau, Schweiz","isPartOf":{"@id":"https:\/\/chilbibetriebe.ch\/#website"},"primaryImageOfPage":{"@id":"https:\/\/chilbibetriebe.ch\/index.php\/spielgeschaeft-basketball\/#primaryimage"},"image":{"@id":"https:\/\/chilbibetriebe.ch\/index.php\/spielgeschaeft-basketball\/#primaryimage"},"thumbnailUrl":"https:\/\/chilbibetriebe.ch\/wp-content\/uploads\/2023\/02\/Basket3.jpg","datePublished":"2023-02-18T10:07:57+00:00","dateModified":"2023-02-18T19:40:14+00:00","description":"Spielgesch\u00e4ft wo gespielt wird und nicht nur 3 W\u00fcrfe macht. Mit Punkten zum sammeln \u00fcber mehrere Tage. Mehr Punkte gleich gr\u00f6sserer Preis.","breadcrumb":{"@id":"https:\/\/chilbibetriebe.ch\/index.php\/spielgeschaeft-basketball\/#breadcrumb"},"inLanguage":"de","potentialAction":[{"@type":"ReadAction","target":["https:\/\/chilbibetriebe.ch\/index.php\/spielgeschaeft-basketball\/"]}]},{"@type":"ImageObject","inLanguage":"de","@id":"https:\/\/chilbibetriebe.ch\/index.php\/spielgeschaeft-basketball\/#primaryimage","url":"https:\/\/chilbibetriebe.ch\/wp-content\/uploads\/2023\/02\/Basket3.jpg","contentUrl":"https:\/\/chilbibetriebe.ch\/wp-content\/uploads\/2023\/02\/Basket3.jpg","width":588,"height":816},{"@type":"BreadcrumbList","@id":"https:\/\/chilbibetriebe.ch\/index.php\/spielgeschaeft-basketball\/#breadcrumb","itemListElement":[{"@type":"ListItem","position":1,"name":"Startseite","item":"https:\/\/chilbibetriebe.ch\/"},{"@type":"ListItem","position":2,"name":"Baketball-Spielgesch\u00e4ft"}]},{"@type":"WebSite","@id":"https:\/\/chilbibetriebe.ch\/#website","url":"https:\/\/chilbibetriebe.ch\/","name":"Chilbibetriebe.ch","description":"Autoscooter, Scooter, Scorpion Chilbi, Kilbi, Schausteller, Karussell","publisher":{"@id":"https:\/\/chilbibetriebe.ch\/#organization"},"alternateName":"Schuler's Chilbibetriebe","potentialAction":[{"@type":"SearchAction","target":{"@type":"EntryPoint","urlTemplate":"https:\/\/chilbibetriebe.ch\/?s={search_term_string}"},"query-input":{"@type":"PropertyValueSpecification","valueRequired":true,"valueName":"search_term_string"}}],"inLanguage":"de"},{"@type":"Organization","@id":"https:\/\/chilbibetriebe.ch\/#organization","name":"Chilbibetriebe.ch","url":"https:\/\/chilbibetriebe.ch\/","logo":{"@type":"ImageObject","inLanguage":"de","@id":"https:\/\/chilbibetriebe.ch\/#\/schema\/logo\/image\/","url":"https:\/\/chilbibetriebe.ch\/wp-content\/uploads\/2023\/01\/Logo.png","contentUrl":"https:\/\/chilbibetriebe.ch\/wp-content\/uploads\/2023\/01\/Logo.png","width":842,"height":429,"caption":"Chilbibetriebe.ch"},"image":{"@id":"https:\/\/chilbibetriebe.ch\/#\/schema\/logo\/image\/"},"sameAs":["https:\/\/www.facebook.com\/chilbibetriebe"]}]}},"jetpack_sharing_enabled":true,"_links":{"self":[{"href":"https:\/\/chilbibetriebe.ch\/index.php\/wp-json\/wp\/v2\/pages\/172","targetHints":{"allow":["GET"]}}],"collection":[{"href":"https:\/\/chilbibetriebe.ch\/index.php\/wp-json\/wp\/v2\/pages"}],"about":[{"href":"https:\/\/chilbibetriebe.ch\/index.php\/wp-json\/wp\/v2\/types\/page"}],"author":[{"embeddable":true,"href":"https:\/\/chilbibetriebe.ch\/index.php\/wp-json\/wp\/v2\/users\/1"}],"replies":[{"embeddable":true,"href":"https:\/\/chilbibetriebe.ch\/index.php\/wp-json\/wp\/v2\/comments?post=172"}],"version-history":[{"count":11,"href":"https:\/\/chilbibetriebe.ch\/index.php\/wp-json\/wp\/v2\/pages\/172\/revisions"}],"predecessor-version":[{"id":201,"href":"https:\/\/chilbibetriebe.ch\/index.php\/wp-json\/wp\/v2\/pages\/172\/revisions\/201"}],"wp:attachment":[{"href":"https:\/\/chilbibetriebe.ch\/index.php\/wp-json\/wp\/v2\/media?parent=172"}],"curies":[{"name":"wp","href":"https:\/\/api.w.org\/{rel}","templated":true}]}}